 16. Give t(j).
176
Suppose -z - 5*o = 8, -4*z + 6*z - 8 = 2*o. Let s = -3149 - -3154. Suppose 0 = -4*a + s*h, 3*h = -z - 10. Let j(g) = g + 2. Give j(a).
-3
Suppose 2*d = -1 - 7. Let k be (-100)/45 + d/(-18). Let m(a) = -3570 - 3590 + 7157 - 6*a. Give m(k).
9
Let o(s) be the first derivative of s**5/120 - 5*s**4/24 - 2*s**3/3 - 2. Let q(w) be the third derivative of o(w). Let z be 0*20*(-9)/(-180). What is q(z)?
-5
Let u(k) = 2*k**3 - 59*k - k**2 + 0 + 1 + 59*k. Let t be u(-1). Let l(b) = -b**3 - b**2 - b - 2. Calculate l(t).
4
Let j(d) = 2*d + 3. Let u be 38/10*(-6)/(18/(-15)). Let s be u/(-95) + 28/(-10). Let b(f) = -2*f - 3. Let r(a) = s*j(a) - 2*b(a). Determine r(-6).
9
Let a(l) = 2*l**3 - 1336*l - 27*l**2 + 1335*l + 9*l**2. Let j be a(9). Let m(u) = u**3 + 9*u**2 - 4*u - 7. Calculate m(j).
29
Let s(u) = 2*u + 11. Let g(t) = t + 14. Let d(y) = 3*g(y) - 4*s(y). Let l = 5 - 7. Let b be ((-21)/14)/(l/(-4)). What is d(b)?
13
Suppose 6*k - 770 = -830. Let a(c) = -7*c**2 - 15*c. Let h(d) = -12*d + 1 + 8*d - 12*d - 13*d**2 - 13*d. Let j(u) = 11*a(u) - 6*h(u). Give j(k).
4
Let n(b) = -b**2 + 42*b - 113. Let t be n(3). Let w(s) be the third derivative of 1/24*s**t - 15*s**2 + 0 + 0*s + 1/6*s**3. Determine w(6).
7
Let o(l) = 17*l - 30. Let y(x) = 23*x - 30. Let q(v) = -4*o(v) + 3*y(v). Calculate q(7).
37
Let j(z) be the third derivative of z**6/120 + 3*z**5/20 + z**4/24 + z**3/2 + 1706*z**2. Let y be 1/(1/(-10)) - -1. Determine j(y).
-6
Let v(z) = z + 4. Let d(a) = -2*a - 8. Let q(n) = -6*d(n) - 13*v(n). Let b(l) = -1. Let h(o) = 2*o + 8. Let w(y) = b(y) + h(y). Let i be w(-6). Determine q(i).
1
Let n(z) = 9*z - 42. Let s be n(5). Let t = 7 + s. Let k(g) = g - 9*g**2 - g**3 + 0*g**2 - t + 10*g**2 + 0*g**3. Calculate k(0).
-10
Suppose -5*l + 5*i = -9*l + 992, 16 = 4*i. Let k(w) = w**3 + 245*w**2 - 3 + 4*w + l*w**2 + 1 - 492*w**2. Determine k(3).
1
Let g(i) = -i**2 + 7*i + 3. Suppose c = 2*c + 4*u + 18, 3*u = 4*c - 23. Let n be 10/c - 81/(-27). Give g(n).
-5
Suppose -3*u + 25 = 28. Let r = -10 - -10. Let w(m) = -1 - 2*m**3 + r*m**3 + 8*m**3 + 0*m**3. Give w(u).
-7
Let z(v) = -v**3 + 11*v**2 - 9*v - 8. Let d be z(10). Let m(i) = 47*i - 1 - 46*i + 10*i**3 - i**d - 11*i**3 - 24. Determine m(0).
-25
Let d(k) be the first derivative of -k**2/2 + 3*k + 25. Let b be (-966)/48 + 1/8. Let t be 30/(-8) + b/80. Give d(t).
7
Let t(s) = -7*s + 34. Let y be t(5). Let h be 2*((-124)/(y + -3) - 2). Let l = h + -55. Let c(n) = -3*n - 4. Calculate c(l).
-13
Let x(t) = -5*t + 156*t**2 + 158*t**2 - 315*t**2. Suppose -3*m = 2*m + 45. Let h = m + 6. Determine x(h).
6
Let c(t) = -t**3 - 25*t**2 + 26*t. Let d(n) = -n**3 + 4*n**2 - 56*n + 198. Let x be d(4). Give c(x).
0
Let d be ((-36)/1)/6 - -13. Let j(w) = 64*w**2 - d + 9*w + w - 65*w**2. Calculate j(8).
9
Let b(j) = -3*j - 171. Let d be b(-52). Let o(k) = k**2 + 15*k - 32. What is o(d)?
-32
Let f = -13007 - -13023. Let a(p) = -p**3 + 19*p**2 - 48*p. Determine a(f).
0
Let s(t) = -4*t**2 + 38*t + 2. Let x be ((-12)/4)/((-28)/84). Calculate s(x).
20
Let x(k) = -4*k - 4. Let f(m) = 8*m - 7. Let p(r) = -f(r) + 4*x(r). What is p(-3)?
63
Let d(q) = 49*q**3 + 3*q**2 - 23*q - 19. Let o(h) = 2*h**3 + 2*h + 2. Let a(n) = -d(n) - 10*o(n). Calculate a(1).
-70
Let w(i) be the first derivative of 1/10*i**5 - 8/3*i**3 + 1/24*i**4 + 0*i + 0*i**2 + 33. Let d(m) be the third derivative of w(m). Give d(-1).
-11
Let i(f) be the second derivative of -3/2*f**2 + 11*f - 1/3*f**3 - 1/6*f**4 + 0. Let w(u) = u**3 - 15*u**2 + 26*u - 2. Let k be w(13). What is i(k)?
-7
Let i(a) = -10*a + 1. Let f be i(-9). Let s = 92 - f. Let b(r) be the third derivative of r**4/2 - 5*r**2. Calculate b(s).
12
Suppose -5*g - 9 = -14*g. Let h(z) = -8*z - 1. Determine h(g).
-9
Let g(r) be the first derivative of -9*r**2 - 23*r - 6986. Calculate g(-6).
85
Let q(o) = 6*o**3 - 7*o**2 - 10*o + 21. Let p(b) = -5*b**3 + 5*b**2 + 10*b - 18. Let s(n) = -7*p(n) - 6*q(n). Calculate s(5).
0
Let f(k) be the first derivative of -k**4/2 - 2*k**3/3 + k**2 - 3*k + 4342. Determine f(0).
-3
Let p(a) = -11*a**2 + 18*a + 43. Let j(h) = 20*h**2 - 36*h - 85. Suppose 262 + 2 = 24*r. Let q(x) = r*p(x) + 6*j(x). Determine q(-16).
-5
Let f(d) = -d**2 + 9*d - 2. Suppose u - 35 = 5*c, u - 275 = -c - 270. What is f(u)?
-12
Suppose -3*x + 27 = -9. Let s(v) = -6*v + 1 + x*v - 9*v - 5*v. Determine s(-1).
9
Let y(w) = 32322*w + 6 - 16167*w - 6*w**2 + w**3 - 16161*w. What is y(7)?
13
Let t(q) be the second derivative of 1/2*q**3 - 118*q - 7/2*q**2 + 0. Give t(3).
2
Let x(o) = -o**3 - 2*o**2 + 47*o - 89. Let t be x(4). Let v(y) = 2*y - 2. Give v(t).
4
Let o(y) = y**2 - 4*y + 4. Let f = -311 + 332. Suppose -10*v + f + 49 = 0. Give o(v).
25
Let n be (1380/(-96))/(-23)*(-2 - (1 + -11)). Let m(b) = -b**3 + 14*b**2 - 44*b - 1. What is m(n)?
4
Let s(l) = -9 - l**3 + 7*l - 5*l - 4*l + 13*l + 2 + 10*l**2. Suppose -77 = 12*i - 19*i. What is s(i)?
-7
Let x(n) = -2*n**3 + 5*n**2 - 2*n - 4. Suppose -2*q + 4*a + 483 = -19, 0 = -2*q - a + 512. Let s = 258 - q. What is x(s)?
-19
Let q(m) = m**3 - 6*m**2 - 9*m + 8. Suppose -86*f - 108 = -90*f. Suppose -119 = 10*y - f*y. Determine q(y).
-6
Let c(q) = -4*q**3 + q**2 + 20*q - 1. Let s(b) = -5*b**3 + 23*b - 2. Let g(l) = 4*c(l) - 3*s(l). Determine g(6).
-4
Let o(t) = t**3 + 6*t**2 + t. Let x(v) = -v**3 - 5*v**2 + 3*v + 9. Let q(w) = 2*w + 11. Let a be q(-8). Let z be x(a). Calculate o(z).
-6
Let a(q) = -15*q - 139. Let y(j) = -8*j - 71. Let p(o) = 3*a(o) - 5*y(o). Determine p(-12).
-2
Let f(w) be the third derivative of -w**5/30 - w**4/8 + w**3 - 5*w**2 + 10. Determine f(5).
-59
Suppose -b = 3*w - 15, 0 = 3*b - 5*w - 8 - 9. Suppose 1 = i, -4*i - b = -2*p - 5*i. Let r(l) = -145 + 47 - l**2 + 52 - l + 49. Calculate r(p).
-17
Let l(j) = -j**2 + 2*j + 2. Let d be l(-2). Let n = d - -9. Let u(c) = -48 - 34 + 3*c - 40 + 121. Calculate u(n).
8
Let m(n) = -1. Let v(x) = x**2 + 7*x + 5. Let l(b) = -3*m(b) + v(b). Suppose 144*q - 50*q + 131*q = -1350. What is l(q)?
2
Let x(f) = -f - f - 76015 + 76036. Determine x(-7).
35
Let f(s) = 29*s + 492. Let c(k) = 17*k + 295. Let l(d) = 13*c(d) - 8*f(d). Calculate l(-9).
-2
Let o be (-24)/(-6) - (-1 + -1 + 5). Let q(x) be the first derivative of 5*x**4/4 - x**2/2 - 47. Give q(o).
4
Let l(q) = -3*q**3 - 6*q**2 - 5*q + 8. Let g(w) = -29*w**2 - 23*w + 318 - 3*w - 16*w**3 - 277. Let b(a) = 2*g(a) - 11*l(a). Calculate b(-7).
22
Let o be (1/(-3))/(366/(-29646)). Let y(f) = f**2 - 35*f + 217. Give y(o).
1
Let n(r) = -r**2 - 8*r - 1. Let l be n(-8). Suppose 60 = 2*t + 44. Let y(s) = t*s + 8*s - 8*s + 1 + 5*s. Give y(l).
-12
Let h(z) = 2*z**2 + z - 2. Let s(r) = 11*r**2 - 12*r - 67. Let m(u) = 6*h(u) - s(u). Determine m(-11).
-22
Let f(j) = 5*j. Let d(g) = 2*g - 1. Let k(q) = 12*d(q) - 5*f(q). Suppose i - 23 = 2*u, 2*u + 4*i + 0 - 2 = 0. Give k(u).
-3
Let t(k) = 6*k + 64. Let o be t(-10). Suppose 0 = q + v - 14, 2*q - 39 = -o*v - 1. Let l(z) = -2*z + 20. Determine l(q).
2
Let p(z) = -5*z - 4. Let w(y) = y**3 + 47*y**2 - 53*y - 230. Let v be w(-48). Suppose -t - 14 = -2*j, -v*t + 5*j - 37 = -7*t. What is p(t)?
16
Let z be (-2)/((-4)/8*4). Let s(w) = -w**2 + w. Let x(h) = -22*h**2 - 4*h + 1. Let g(a) = 4*s(a) + x(a). Calculate g(z).
-25
Let v be 12/54 - 86/(-18). Suppose v*k - 24 = -k. Suppose 9*u - 45 = k*u. Let f(q) = q**3 - 9*q**2 + q. Determine f(u).
9
Suppose -3*p = -t + 18, 10*p + 34 = 3*t + 6*p. Suppose 14*z + 6 = t. Let y(w) = w + 18. Calculate y(z).
18
Suppose -24*f = -522 + 138. Let c(q) = 24*q - f*q + 1 - 9*q. Give c(-8).
9
Let v be (-735)/11 + (39/(-33) - -1). Let s = -143 - v. Let q = s + 84. Let r(c) = c**2 - 8*c + 10. Calculate r(q).
10
Let y(q) be the second derivative of -q**4/12 + 11*q**3/6 + 15*q**2/2 - 78*q + 4. What is y(12)?
3
Let d be (0 - -1)/(5/20). Suppose -40*o + 41*o = -d. Let r(x) be the third derivative of x**5/60 + 5*x**4/24 + x**3 + 3*x**2. What is r(o)?
2
Let h(d) be the third derivative of -d**4/8 + d**3/2 + 30*d**2 + 9. What is h(4)?
-9
Let w be (4 - 10) + (2 - 0). Let p = -12 - w. Let j(f) be the second derivative of f**3/6 + 2*f**2 - 80*f. What is j(p)?
-4
Suppose 0 = -142*s + 141*s + 2. Let l(f) = -5 + 7*f**s - 5 + 2*f**2 + 15 - 10*f**2 + 5*f. Suppose -4*u - 2*k = 2*k - 20, 4*k + 43 = 5*u. Calculate l(u).
-9
Le